mainder when 1124 is divided by 581.
543
What is the remainder when 66242 is divided by 33100?
42
What is the remainder when 25035 is divided by 24921?
114
What is the remainder when 149965 is divided by 777?
4
What is the remainder when 2302 is divided by 147?
97
Calculate the remainder when 1791 is divided by 168.
111
Calculate the remainder when 10159 is divided by 3222.
493
What is the remainder when 138946 is divided by 34736?
2
What is the remainder when 5649 is divided by 32?
17
What is the remainder when 346709 is divided by 812?
797
Calculate the remainder when 4735 is divided by 4688.
47
Calculate the remainder when 19696 is divided by 114.
88
What is the remainder when 12058 is divided by 185?
33
Calculate the remainder when 118968 is divided by 23790.
18
What is the remainder when 267455 is divided by 7429?
11
What is the remainder when 14605 is divided by 540?
25
What is the remainder when 1207 is divided by 93?
91
What is the remainder when 52435 is divided by 33?
31
Calculate the remainder when 10542630 is divided by 37.
35
Calculate the remainder when 206332 is divided by 512.
508
What is the remainder when 145723 is divided by 36430?
3
What is the remainder when 22469 is divided by 548?
1
Calculate the remainder when 510372 is divided by 363.
357
What is the remainder when 1721 is divided by 42?
41
Calculate the remainder when 73823 is divided by 10543.
22
What is the remainder when 7620 is divided by 268?
116
Calculate the remainder when 35275 is divided by 315.
310
What is the remainder when 4419 is divided by 54?
45
What is the remainder when 65496 is divided by 176?
24
What is the remainder when 12092 is divided by 1725?
17
What is the remainder when 5291 is divided by 264?
11
Calculate the remainder when 8242 is divided by 37.
28
Calculate the remainder when 2088 is divided by 188.
20
Calculate the remainder when 83315 is divided by 3199.
141
What is the remainder when 26362 is divided by 144?
10
What is the remainder when 1598 is divided by 57?
2
Calculate the remainder when 54299 is divided by 16.
11
What is the remainder when 62080 is divided by 192?
64
Calculate the remainder when 5684 is divided by 46.
26
What is the remainder when 8296 is divided by 28?
8
What is the remainder when 974 is divided by 369?
236
Calculate the remainder when 97234 is divided by 73.
71
What is the remainder when 259080 is divided by 381?
0
What is the remainder when 110516 is divided by 110478?
38
Calculate the remainder when 2393 is divided by 642.
467
What is the remainder when 57308 is divided by 28?
20
What is the remainder when 589 is divided by 86?
73
Calculate the remainder when 39089 is divided by 334.
11
What is the remainder when 8696605 is divided by 30?
25
Calculate the remainder when 17588 is divided by 196.
144
What is the remainder when 1669 is divided by 1641?
28
What is the remainder when 57493 is divided by 1597?
1
Calculate the remainder when 10806 is divided by 438.
294
What is the remainder when 2028 is divided by 524?
456
Calculate the remainder when 1041 is divided by 645.
396
Calculate the remainder when 6134 is divided by 1224.
14
What is the remainder when 2224 is divided by 90?
64
What is the remainder when 164829 is divided by 102?
99
Calculate the remainder when 4636 is divided by 421.
5
Calculate the remainder when 2031 is divided by 1359.
672
Calculate the remainder when 714 is divided by 280.
154
What is the remainder when 101019 is divided by 549?
3
Calculate the remainder when 29998 is divided by 7330.
678
What is the remainder when 39369 is divided by 160?
9
Calculate the remainder when 71507 is divided by 71505.
2
What is the remainder when 34227 is divided by 389?
384
What is the remainder when 2756 is divided by 681?
32
What is the remainder when 50187 is divided by 13?
7
Calculate the remainder when 77988 is divided by 146.
24
Calculate the remainder when 27672377 is divided by 323.
321
Calculate the remainder when 62901 is divided by 133.
125
What is the remainder when 38162 is divided by 7?
5
What is the remainder when 487912 is divided by 642?
634
Calculate the remainder when 1125884 is divided by 562932.
20
Calculate the remainder when 78087 is divided by 26.
9
Calculate the remainder when 6922 is divided by 382.
46
What is the remainder when 162922 is divided by 4?
2
What is the remainder when 29443 is divided by 74?
65
Calculate the remainder when 25758 is divided by 31.
28
Calculate the remainder when 2914 is divided by 715.
54
What is the remainder when 361495 is divided by 109?
51
What is the remainder when 830417 is divided by 202?
197
What is the remainder when 2030 is divided by 956?
118
What is the remainder when 576685 is divided by 1064?
1061
What is the remainder when 3427 is divided by 346?
313
Calculate the remainder when 316136 is divided by 488.
400
What is the remainder when 49524 is divided by 48?
36
What is the remainder when 46072 is divided by 1241?
155
What is the remainder when 137900 is divided by 361?
359
Calculate the remainder when 29358 is divided by 838.
28
What is the remainder when 303928 is divided by 18?
16
What is the remainder when 40672 is divided by 33?
16
What is the remainder when 88877 is divided by 42?
5
Calculate the remainder when 266260 is divided by 15.
10
Calculate the remainder when 26568 is divided by 8846.
30
What is the remainder when 81452 is divided by 957?
107
Calculate the remainder when 1866917 is divided by 271.
269
Calculate the remainder when 2781 is divided by 14.
9
What is the remainder when 58419 is divided by 42?
39
Calculate the remainder when 3943078 is divided by 90.
88
What is the remainder when 78288 is divided by 66?
12
What is the remainder when 62580 is divided by 61?
55
What is the remainder when 1687 is divided by 318?
97
What is the remainder when 6396 is divided by 107?
83
What is the remainder when 124994 is divided by 83?
79
Calculate the remainder when 4086 is divided by 790.
136
Calculate the remainder when 419409 is divided by 48.
33
What is the remainder when 25160 is divided by 96?
8
What is the remainder when 1045676 is divided by 8?
4
What is the remainder when 311 is divided by 21?
17
What is the remainder when 263910 is divided by 11?
9
Calculate the remainder when 277754 is divided by 879.
869
Calculate the remainder when 30561 is divided by 114.
9
Calculate the remainder when 2436 is divided by 233.
106
Calculate the remainder when 12408 is divided by 270.
258
What is the remainder when 221758 is divided by 1149?
1
What is the remainder when 194520 is divided by 26?
14
What is the remainder when 50960 is divided by 16984?
8
What is the remainder when 604724 is divided by 211?
209
Calculate the remainder when 31168 is divided by 36.
28
What is the remainder when 541310 is divided by 54?
14
What is the remainder when 51758 is divided by 616?
14
Calculate the remainder when 73647 is divided by 187.
156
Calculate the remainder when 19864 is divided by 10.
4
What is the remainder when 51959 is divided by 315?
299
What is the remainder when 5981 is divided by 663?
14
Calculate the remainder when 36100 is divided by 1805.
0
Calculate the remainder when 11286508 is divided by 435.
433
What is the remainder when 332356 is divided by 127?
124
What is the remainder when 243459 is divided by 26?
21
What is the remainder when 235379 is divided by 84?
11
What is the remainder when 29770 is divided by 2126?
6
What is the remainder when 4328 is divided by 61?
58
What is the remainder when 1345 is divided by 398?
151
Calculate the remainder when 18639 is divided by 176.
159
Calculate the remainder when 13037 is divided by 495.
167
Calculate the remainder when 7292 is divided by 141.
101
What is the remainder when 870362 is divided by 714?
710
What is the remainder when 3319 is divided by 25?
19
What is the remainder when 3451 is divided by 137?
26
Calculate the remainder when 15556 is divided by 81.
4
Calculate the remainder when 17275 is divided by 640.
635
What is the remainder when 99948 is divided by 4992?
108
What is the remainder when 1489 is divided by 296?
9
What is the remainder when 188029 is divided by 24?
13
Calculate the remainder when 3436 is divided by 383.
372
Calculate the remainder when 6613 is divided by